0210011200 (base 3) to base 9
-323150
Convert -1251911 (base 12) to base 15.
-4adc2a
Convert -b6851 (base 15) to base 4.
-2031112321
-10100000100110010010101 (base 2) to base 16
-504c95
Convert -13257264 (base 9) to base 11.
-3762802
What is 9b8174 (base 13) in base 2?
1110000000111000110000
What is -76d87 (base 16) in base 11?
-302808
-11114 (base 11) to base 14
-5c28
What is -20145501 (base 6) in base 12?
-238291
What is 41213565 (base 7) in base 10?
3449157
What is 12208 (base 15) in base 9?
87288
Convert 49177f (base 16) to base 14.
8c9971
What is 2111220122 (base 3) in base 16?
c164
What is -61798 (base 11) in base 12?
-441ab
7b34 (base 15) to base 3
1022212111
Convert 121200010221 (base 3) to base 4.
1100013130
Convert -250605 (base 8) to base 10.
-86405
Convert 2011003 (base 6) to base 5.
11013302
-3655160 (base 7) to base 12
-1a6728
43335417 (base 8) to base 12
313b327
Convert 51a88 (base 16) to base 6.
11100252
What is -570824 (base 12) in base 15?
-1c6ee7
Convert 300331133020 (base 4) to base 7.
214044061
What is 197c7b7 (base 13) in base 5?
4122133240
What is -213414000 (base 5) in base 2?
-11100000100101000011
Convert 8023328 (base 10) to base 2.
11110100110110100100000
What is 6467a3 (base 12) in base 2?
110000011100011101011
What is 7687819 (base 10) in base 14?
104197d
What is -182130 (base 10) in base 11?
-114923
Convert -3023113 (base 4) to base 13.
-5c02
2331204230 (base 5) to base 10
5334940
Convert -32142443 (base 8) to base 15.
-909676
10102001010120 (base 3) to base 15
25bbc6
Convert -305130 (base 7) to base 2.
-1100101111101110
-10012220211 (base 3) to base 12
-30804
110344104 (base 5) to base 16
75782
Convert 22114 (base 14) to base 3.
11012012211
What is a146a2 (base 13) in base 7?
43613046
1100000001000000010 (base 2) to base 5
100044410
Convert 30725 (base 13) to base 5.
10240042
Convert -497555 (base 10) to base 5.
-111410210
-6235551 (base 8) to base 13
-45b889
What is -9a7c0b (base 13) in base 14?
-6ac333
11478 (base 10) to base 6
125050
Convert -120869 (base 11) to base 7.
-1424643
343661 (base 8) to base 5
12213112
-93aa808 (base 11) to base 10
-16587898
What is -421604 (base 7) in base 2?
-10001101111011111
Convert 49660 (base 11) to base 13.
26614
Convert -344445 (base 11) to base 7.
-4440266
2445456 (base 8) to base 6
22243102
What is 111011101101000110 (base 2) in base 12?
b9632
What is -a519 (base 13) in base 10?
-22837
What is a259a7 (base 13) in base 14?
706767
What is 100100111101001011 (base 2) in base 7?
1200213
What is 10210031212 (base 4) in base 2?
100100100001101100110
What is 1313013212 (base 4) in base 11?
303635
What is 434505 (base 7) in base 6?
1344033
What is -1212011200012 (base 3) in base 12?
-3b7605
What is -333516 (base 7) in base 12?
-2a113
Convert -1a68713 (base 11) to base 7.
-41406634
What is 461216 (base 7) in base 3?
11011121022
What is -22210202120 (base 3) in base 6?
-3414240
Convert 61695 (base 10) to base 5.
3433240
23b535b (base 13) to base 8
52242364
58a3 (base 14) to base 16
3c47
What is -5c46 (base 15) in base 12?
-b449
Convert 1001001001011110010100 (base 2) to base 16.
249794
What is 3a04 (base 16) in base 14?
55ac
What is -401130253 (base 6) in base 7?
-111413460
-2513223 (base 6) to base 10
-134223
-735537 (base 8) to base 6
-5124143
Convert 1a3801 (base 15) to base 4.
10313321233
Convert -4125535 (base 6) to base 3.
-101001222112
28fbf3 (base 16) to base 8
12175763
What is 213411 (base 6) in base 8?
42357
Convert 10221021111 (base 3) to base 8.
227244
Convert 222344221 (base 5) to base 7.
11224413
Convert -2847a8b (base 12) to base 7.
-125334146
1010011000101001111 (base 2) to base 13
bbb82
What is 61b768 (base 15) in base 12?
1680575
Convert 209256 (base 10) to base 8.
630550
-108a26 (base 14) to base 8
-2111152
Convert -467382 (base 11) to base 13.
-1cc861
-bb70 (base 16) to base 7
-256616
What is 767e2 (base 15) in base 3?
201010100012
Convert 415016 (base 9) to base 6.
5140453
Convert 2312232220 (base 4) to base 14.
156a92
Convert -a57a44 (base 13) to base 2.
-1110110001100001011100
What is -21151403 (base 8) in base 10?
-4510467
-92195 (base 12) to base 10
-190337
Convert -1324a (base 13) to base 11.
-24790
1301122224 (base 5) to base 12
1078256
What is -42310400 (base 5) in base 7?
-3002430
52043a9 (base 11) to base 10
9185713
-4301314441 (base 5) to base 7
-136406014
What is -16630023 (base 7) in base 14?
-308a83
Convert 26a37 (base 14) to base 15.
1d38a
Convert 125334053 (base 7) to base 5.
4030343131
Convert -62bcc1 (base 16) to base 14.
-c06277
What is 52bc77 (base 14) in base 9?
5234847
What is 44244032 (base 5) in base 10?
384267
263821 (base 9) to base 16
2723e
200012120222 (base 3) to base 11
225281
2015110 (base 6) to base 14
26c5c
2111202122211 (base 3) to base 11
831136
-10010101111101010011101 (base 2) to base 12
-178b791
Convert 311300301231 (base 4) to base 15.
1385c66
What is -57474562 (base 8) in base 2?
-101111100111100101110010
What is 322211012133 (base 4) in base 3?
1001220011220120
Convert -77216 (base 15) to base 6.
-12040103
54687 (base 10) to base 9
83013
Convert 210122020 (base 3) to base 7.
63663
Convert -20510414 (base 7) to base 4.
-12213101201
-2302200323 (base 4) to base 15
-e69b5
Convert 96ae9b (base 15) to base 16.
6d7c03
2200101221 (base 3) to base 5
3142113
What is -ba61a1 (base 12) in base 3?
-12120010200211
What is -61eb17 (base 15) in base 14?
-89303c
Convert 265251 (base 14) to base 4.
11002112013
-1aa4629 (base 11) to base 9
-6576451
437a1 (base 14) to base 12
7a695
Convert 348578 (base 12) to base 10.
844076
What is -1100110111001101011 (base 2) in base 9?
-712144
Convert -2b529 (base 14) to base 16.
-1a601
What is -45a206 (base 11) in base 8?
-2623527
Convert 85289 (base 11) to base 2.
11110010011011010
-29ad0 (base 14) to base 7
-611150
What is -21462 (base 7) in base 2?
-1010100001001
Convert 1202101121 (base 3) to base 15.
a384
What is 70c617 (base 16) in base 14?
da55c3
11033321313 (base 4) to base 5
323011423
Convert -32100320132 (base 4) to base 3.
-21000222011122
What is -a01447 (base 13) in base 12?
-12b2472
-201110201 (base 4) to base 12
-66b95
Convert -184375 (base 9) to base 15.
-2400e
Convert 12011232112 (base 4) to base 13.
43b781
Convert -8351651 (base 10) to base 3.
-120201022022102
Convert -db12a9 (base 14) to base 9.
-14854887
What is 5b4529 (base 12) in base 13?
3ca7c1
Convert -210104513 (base 6) to base 12.
-127b139
Convert 1b01b82 (base 13) to base 2.
100010000000100011111010
Convert -101001010010111010100101 (base 2) to base 6.
-1024005301
Convert -1410212110 (base 5) to base 4.
-31233020021
What is 161568 (base 9) in base 2?
11000010100011011
77ba0 (base 12) to base 10
158952
15917 (base 10) to base 7
64256
What is 221506 (base 7) in base 16?
9862
-156ba (base 14) to base 9
-81317
Convert -55377 (base 11) to base 4.
-103212303
-44928 (base 13) to base 8
-363253
Convert -5b37c (base 14) to base 12.
-a9042
What is -174c20 (base 15) in base 3?
-2010102001010
What is 339a985 (base 12) in base 6?
552222245
What is b7b36 (base 12) in base 8?
730232
50350323 (base 6) to base 11
8970a7
What is 342103003 (base 6) in base 15?
839da6
Convert 547032 (base 13) to base 2.
111100100111001010001
-6bb28 (base 14) to base 10
-262872
What is 2033aa (base 11) in base 7?
2530060
Convert -1001101101111010000 (base 2) to base 14.
-84080
-168b59 (base 12) to base 3
-201202020020
40221221 (base 6) to base 8
4257015
What is 113224 (base 6) in base 3?
111110021
Convert 13123030322 (base 4) to base 15.
286abb
Convert b44db0 (base 14) to base 15.
802756
Convert -35ccb (base 15) to base 16.
-29e79
What is 6316243 (base 8) in base 3?
10011021110122
-1a4750 (base 16) to base 11
-a769aa
804724 (base 13) to base 10
2980345
What is 1219dc (base 14) in base 12?
25a512
What is -25199 (base 16) in base 5?
-14330321
What is -943c9 (base 13) in base 6?
-5413501
What is -518062 (base 9) in base 2?
-1001011000111101110
1000100111012 (base 3) to base 8
2033366
What is 110110011100011110000111 (base 2) in base 15?
13bdccb
-253322 (base 7) to base 6
-1000415
What is 100111110111110010 (base 2) in base 11?
101778
What is -6221211 (base 7) in base 14?
-1555b1
What is -452213 (base 8) in base 14?
-3d923
Convert -23520 (base 6) to base 7.
-13002